.
-10
Let y(c) = -8*c - 286. Calculate y(9).
-358
Let p(h) = -2*h**3 - 18*h**2 + 29*h + 12. Calculate p(-9).
-249
Let g(v) = -v**3 - 2*v**2 + 268*v + 31. What is g(-17)?
-190
Let x(q) = -1736*q - 24309. What is x(-14)?
-5
Let j(a) = 2556*a - 7673. Give j(3).
-5
Let h(z) = 4*z**2 - 775*z - 970. What is h(195)?
5
Let y(a) = -115*a - 397. Determine y(-4).
63
Let g(n) = n**2 - 37*n - 4449. Give g(-51).
39
Let h(l) = -l**3 + 102*l**2 + 250*l - 4366. Give h(104).
2
Let r(v) = -v**3 + 6*v**2 + 27*v - 153. Calculate r(6).
9
Let v(y) = 40*y**2 + 32*y - 22. Determine v(1).
50
Let c(v) = 3*v + 83. What is c(3)?
92
Let d(g) = g**3 + 15*g**2 + 50*g + 16. Calculate d(-6).
40
Let h(w) = 415*w + 2005. What is h(-5)?
-70
Let a(n) = -154*n - 1533. Give a(-10).
7
Let v(j) = 8*j**2 - 18*j - 3. Calculate v(5).
107
Let d(b) = -2*b**2 - 378*b - 12559. Calculate d(-146).
-3
Let g(o) = o**2 - 88*o + 1673. Calculate g(60).
-7
Let x(d) = -43*d - 69. Give x(-7).
232
Let s(o) = -5*o**3 + 8*o**2 + 13*o - 58. Determine s(4).
-198
Let f(u) = -u**2 - 18*u + 108. Determine f(0).
108
Let r(n) = -10*n**2 + 16*n - 12. Calculate r(-5).
-342
Let f(z) = -2*z**2 - 133*z + 14438. Determine f(58).
-4
Let y(u) = -9*u**2 + 63*u + 14. Give y(7).
14
Let g(v) = -6*v - 38. Give g(-16).
58
Let a(p) = p**3 + 40*p**2 + 79*p + 123. Determine a(-38).
9
Let m(r) = 140*r - 7999. Determine m(57).
-19
Let q(s) = -s**3 + 14*s**2 + 19*s - 129. What is q(15)?
-69
Let z(q) = -42*q**2 - 382*q - 29. Calculate z(-9).
7
Let o(x) = -36*x - 42. Give o(-7).
210
Let b(d) = 10*d**2 + 2*d - 15. Determine b(6).
357
Let q(j) = j**2 + 40*j - 129. Calculate q(-43).
0
Let t(x) = 2*x**2 - 119*x + 1637. Calculate t(37).
-28
Let c(m) = -m**3 - 30*m - 31. Determine c(-1).
0
Let f(r) = -278*r + 1116. What is f(4)?
4
Let g(d) = -d**3 - 27*d**2 + 58*d + 876. Determine g(-28).
36
Let s(y) = 171*y - 389. Determine s(4).
295
Let q(x) = -883*x + 7962. Calculate q(9).
15
Let z(w) = -17*w**2 + 284*w - 189. What is z(16)?
3
Let k(v) = 1687*v + 15186. Calculate k(-9).
3
Let y(f) = -4*f**3 + 39*f**2 + 16*f + 3. What is y(10)?
63
Let t(w) = -3*w**3 + 51*w**2 + 2*w - 42. Determine t(17).
-8
Let t(a) = 2*a**3 + 11*a**2 + 21*a + 9. Calculate t(-3).
-9
Let b(a) = -8*a**2 - 45*a - 29. Determine b(-8).
-181
Let i(g) = -51*g**2 + 401*g - 43. Calculate i(7).
265
Let h(n) = n**3 + 20*n**2 + 20*n + 39. What is h(-19)?
20
Let a(h) = 33*h**2 + 26*h - 53. Calculate a(1).
6
Let u(l) = l**3 - 147*l**2 + 1352*l + 2469. Determine u(137).
3
Let r(f) = f**2 - 52*f + 559. Give r(37).
4
Let y(o) = o**2 - 11*o - 44. Determine y(-3).
-2
Let z(j) = j**3 - 5*j**2 + 2*j - 48. Calculate z(6).
0
Let w(h) = -h**2 + 224*h - 10050. What is w(62)?
-6
Let o(k) = -k**2 + 25*k + 2821. Give o(67).
7
Let g(o) = 23*o**3 + 1309*o**2 - 115*o - 58. Determine g(-57).
-1
Let q(p) = 51*p + 1259. Give q(-24).
35
Let s(t) = 58*t + 127. Determine s(-2).
11
Let d(m) = -m**3 + 35*m**2 - 250*m + 395. Determine d(7).
17
Let o(k) = -5*k**2 + 325*k - 1. What is o(65)?
-1
Let q(c) = -612*c - 1229. Give q(-2).
-5
Let j(w) = -8*w**2 + 26*w + 76. What is j(5)?
6
Let f(r) = 3*r**2 - 90*r + 119. What is f(26)?
-193
Let v(u) = 650*u**2 - 11051*u + 9. Calculate v(17).
-8
Let y(q) = q**2 - 10*q + 10. Calculate y(7).
-11
Let o(g) = g**2 - 812*g - 811. Give o(-1).
2
Let u(o) = -100*o + 6560. Determine u(62).
360
Let p(n) = -808*n + 12922. Calculate p(16).
-6
Let a(q) = q**3 - 7*q**2 - 5*q - 17. Calculate a(4).
-85
Let w(k) = 61*k - 2078. Determine w(34).
-4
Let h(g) = -g**3 - 81*g**2 - 1567*g + 44. Calculate h(-49).
-5
Let k(q) = -32*q + 488. What is k(16)?
-24
Let w(a) = -a**3 + 12*a**2 + 126*a + 41. Calculate w(20).
-639
Let s(t) = 722*t + 5082. Give s(-7).
28
Let h(g) = 3*g**3 - 114*g**2 + g + 32. Determine h(38).
70
Let m(u) = 40*u**3 + u**2 - 9*u - 21. Calculate m(-2).
-319
Let c(p) = -p**2 + 50*p + 9. What is c(17)?
570
Let i(c) = -2*c**2 + 32*c - 108. What is i(8)?
20
Let s(a) = -a + 15. What is s(4)?
11
Let j(c) = -c**3 + 34*c**2 - 75*c + 341. What is j(32)?
-11
Let b(m) = -58*m - 33. Give b(4).
-265
Let q(o) = -450*o - 3604. Give q(-8).
-4
Let a(b) = -13*b**3 - 324*b**2 + 12*b + 29. Calculate a(-25).
354
Let c(d) = -d**2 - 90*d + 2624. Give c(-113).
25
Let g(c) = 3*c**2 - 111*c - 342. Determine g(40).
18
Let q(i) = i**3 - 9*i - 3. Calculate q(-3).
-3
Let z(x) = 3*x**2 + 51*x + 157. Give z(-15).
67
Let u(t) = -t**2 - 97*t - 2134. What is u(-63)?
8
Let v(x) = -x**3 + 37*x**2 + 306*x - 15. Calculate v(-7).
-1
Let k(c) = -78*c - 3023. Calculate k(-39).
19
Let v(w) = -2*w**3 - 93*w**2 + 338*w + 65. Calculate v(-50).
665
Let u(g) = g**2 + 18*g - 53. Give u(-21).
10
Let g(c) = 2*c**3 - 3*c**2 + 22*c - 45. Give g(2).
3
Let q(g) = -4*g**2 - 439*g + 1762. Determine q(4).
-58
Let v(m) = 18*m**2 - 20*m - 356. Determine v(5).
-6
Let j(i) = -24*i + 2716. Give j(99).
340
Let h(d) = -4*d**2 - 8*d - 4. Calculate h(-5).
-64
Let a(c) = -700*c + 2118. What is a(3)?
18
Let p(i) = 167*i + 1843. What is p(-12)?
-161
Let g(f) = -384*f - 1537. Give g(-4).
-1
Let y(m) = -3*m**3 - 68*m**2 - 45*m - 25. What is y(-22)?
-3
Let r(s) = 26*s + 961. Give r(-33).
103
Let q(i) = -i**3 - 28*i**2 - 21*i + 187. Give q(-27).
25
Let y(t) = -707*t - 1431. What is y(-2)?
-17
Let u(r) = 3*r**2 - 854*r + 2549. What is u(3)?
14
Let o(a) = a**3 + 54*a**2 + 310*a - 868. Give o(-9).
-13
Let t(w) = 7*w**3 - 2*w**2 + 7*w - 2. What is t(2)?
60
Let d(z) = -126*z**2 - 631*z - 5. Give d(-5).
0
Let g(r) = -16*r**2 - 277*r - 1208. Calculate g(-9).
-11
Let q(y) = -8*y - 957. Calculate q(-56).
-509
Let o(p) = p**3 - 2*p**2 - 2*p - 15. Determine o(-6).
-291
Let r(h) = 2*h**3 + 6*h**2 - 19*h - 158. Calculate r(-6).
-260
Let h(y) = -28*y - 932. What is h(-33)?
-8
Let p(v) = -16*v**2 - 3*v + 6. What is p(-4)?
-238
Let p(x) = -x - 36. What is p(12)?
-48
Let a(l) = -6*l**2 + 35*l + 50. What is a(7)?
1
Let r(y) = 21*y - 841. Calculate r(40).
-1
Let u(b) = -b**2 + 334*b - 1010. Determine u(3).
-17
Let k(y) = y**2 - 113*y + 3108. Calculate k(60).
-72
Let s(n) = -n**2 - 4*n - 15. What is s(-11)?
-92
Let b(i) = 319*i - 2. Determine b(-1).
-321
Let t(z) = 755*z + 18110. What is t(-24)?
-10
Let n(x) = x**3 + 34*x**2 - 76*x - 143. Give n(-36).
1
Let t(y) = -y**3 + 9*y**2 + 5*y - 19. Calculate t(9).
26
Let d(k) = -k**3 + 48*k**2 - 49*k - 430. Calculate d(47).
-524
Let q(m) = 421*m**2 - 43785*m + 94. Calculate q(104).
-10
Let k(p) = -26*p + 481. Calculate k(16).
65
Let j(i) = -4*i**2 - 20*i + 431. What is j(-13)?
15
Let f(i) = 763*i - 1519. Determine f(2).
7
Let c(j) = j**3 + 46*j**2 + 48*j + 81. What is c(-45)?
-54
Let q(r) = r**3 + 63*r**2 - 21*r + 2764. Give q(-64).
12
Let r(d) = -17*d**2 + 3*d + 2. Determine r(-2).
-72
Let g(u) = -2*u**3 + 70*u**2 + 73*u - 39. Give g(36).
-3
Let b(s) = -102*s + 104. Give b(2).
-100
Let r(y) = -y**2 - 34*y - 275. Give r(-13).
-2
Let p(z) = 114*z**2 + 442*z - 11. Calculate p(-4).
45
Let y(w) = -10*w**2 + 567*w + 1787. Calculate y(-3).
-4
Let m(f) = 3*f**3 + 21*f**2 - 23*f + 4. What is m(-8)?
-4
Let t(r) = -r**3 + 14*r**2 + 43*r - 33. Determine t(17).
-169
Let z(t) = -250*t - 17750. Calculate z(-71).
0
Let d(b) = -b**3 + 45*b**2 + 188*b - 11806. Determine d(43).
-24
Let b(n) = -2*n**3 + 32*n**2 + 91*n - 960. Determine b(17).
9
Let j(k) = -k**2 + 48*k + 414. Give j(57).
-99
Let x(w) = 262*w - 1312. What is x(5)?
-2
Let y(a) = -112*a + 5162. Give y(46).
10
Let w(p) = -756*p + 4893. Calculate w(6).
357
Let o(y) = 118*y + 176. Give o(-1).
58
Let u(q) = -q**2 - 394*q - 782. Give u(-2).
2
Let r(v) = v**2 + 25*v - 44. Give r(-21).
-128
Let x(l) = -l**3 + 50*l**2 + 334*l + 48. Give x(56).
-64
Let b(i) = 5230*i - 26172. Give b(5).
-22
Let r(j) = 1466*j - 30791. What is r(21)?
-5
Let g(y) = 2*y**3 + 4*y**2 - 2*y - 16. Determine g(0).
-16
Let a(m) = m**2 - 40*m + 166. Give a(37).
55
Let h(t) = 4*t**2 - 11*t - 3. Give h(2).
-9
Let b(n) = -7*n**3 - 110*n**2 + 31*n - 6. Give b(-16).
10
Let g(k) = -2*k**3 + 527*k**2 + 5753*k + 280. Give g(274).
6
Let x(d) = -126*d + 2678. Determine x(21).
32
Let h(p) = p**3 + 19*p**2 + 62*p - 157. Determine h(-14).
-45
Let v(m) = m**2 - 10*m + 68. Calculate v(11).
79
Let s(j) = -135*j + 2159. Give s(16).
-1
Let d(s) = -118*s + 10687. Give d(90).
67
Let r(t) = -2*t**2 - 41*t + 424. Give r(-28).
4
Let n(z) 